 the highest common factor of 38 and w.
38
Let k = 0 - -2. Let n be (1 - 22/k)/(-2). Suppose -n*h - 133 = -3*u, -u = -0*h + 5*h - 11. Calculate the highest common divisor of 12 and u.
12
Let b be (4/6)/(4/30). Let g = 1 + b. Suppose 2*x + 4*z = 18, g*x - 2*x - 4*z - 36 = 0. What is the greatest common divisor of x and 72?
9
Suppose -y = -6*y - 20, -46 = -5*g - y. Suppose -3*i - 76 = 5*t - 22, 5*t + 68 = 4*i. Let r = t + 22. What is the highest common factor of r and g?
10
Let u(x) = -x**2 - 23*x + 48. Let n be u(-24). What is the highest common factor of 96 and n?
24
Let x be 18 + 15/10*2. Calculate the highest common divisor of 7 and x.
7
Let u be -61*1/3*6. Let o = -3 - u. Suppose -2*h - 5 + 39 = 0. Calculate the greatest common factor of o and h.
17
Let h = -99 + 165. Let y = h - 38. Let p(n) = n**3 + 7*n**2 + 6. Let x be p(-6). Calculate the highest common divisor of y and x.
14
Let s be 240 + (4 + 0 - 2). Calculate the highest common factor of 11 and s.
11
Let n(s) = -s**2 - 6*s - 3. Let d be n(-3). Suppose -2*v = q + 3*v - 28, 3*q = -2*v + 136. Calculate the greatest common divisor of q and d.
6
Suppose -2*o = o - 36. What is the greatest common divisor of 4 and o?
4
Suppose -q + 220 = -5*g, -180 = -2*q + 4*g + 284. Calculate the highest common factor of q and 30.
30
Suppose u = 6*u - 225. Let c be (-2)/(-2)*-1 + -2. Let l be 20 + (c/(-3) - 3). What is the highest common factor of u and l?
9
Let g be -4 - (3 + (-10)/2). Let x be (-3)/12 + (-69)/(-4). Let z be x*((-14)/g + -2). What is the greatest common divisor of z and 34?
17
Let w = 7 - 2. Let s(x) = -x**2 + 6*x + 2. Let o be s(6). Suppose t + 134 = 3*g, -2 = -g + o*t + 41. Calculate the highest common divisor of g and w.
5
Suppose 14*i = 19*i - 630. Calculate the highest common factor of 28 and i.
14
Suppose -8 = -c + 4*t - 22, 20 = 4*t. Suppose c*a - 16 = 38. What is the highest common factor of 27 and a?
9
Suppose 3*b + 3*b = 486. What is the highest common divisor of 9 and b?
9
Let q(a) = 265*a**3 + 20. Let m(n) = -38*n**3 - 3. Let g(j) = -20*m(j) - 3*q(j). Let o be g(-1). What is the greatest common divisor of o and 7?
7
Let x = 1 + 1. Suppose -10 = -x*q - 3*q. Calculate the highest common factor of q and 1.
1
Suppose 0*q = -q, -2*q = -4*f + 20. Suppose -4*w - 2 + 18 = 0. Suppose -4*j + j - y = -w, -3*j + 16 = -5*y. Calculate the highest common divisor of f and j.
1
Let a(n) = 2*n + 33. Let r be a(-16). What is the highest common factor of 17 and r?
1
Let i(u) = 14*u**2 - 2*u + 2. Let y be i(1). What is the highest common divisor of y and 28?
14
Let d = 225 - 15. Calculate the greatest common divisor of d and 42.
42
Let s(x) = 8*x + 1. Let t be s(1). Let z be (-272)/(-6) - (-6)/t. Calculate the highest common factor of 23 and z.
23
Let r = -17 + 32. What is the greatest common divisor of 60 and r?
15
Suppose 107 = 5*a - 93. Let z = a + 0. What is the highest common divisor of 16 and z?
8
Let j(o) = o**2 + 5. Let d be j(0). Suppose 0 = -d*l, -l - l = 3*m - 15. Suppose 20 = 3*h + m. What is the highest common factor of 25 and h?
5
Let i be (-113)/(-5) - 2/(-5). Suppose -2 = -b + 1. Suppose 4*o + b*h + h = 624, 0 = -5*o + h + 810. What is the greatest common factor of i and o?
23
Let a(g) = -g + 18. Let o be a(10). What is the highest common factor of o and 8?
8
Let q = 42 + -6. What is the greatest common divisor of q and 12?
12
Suppose 3*g + 4*u - 204 = 0, -3*g + 0*u + 219 = -u. Calculate the greatest common divisor of g and 12.
12
Let p be (-4)/(-6) + 296/6. Calculate the highest common factor of p and 20.
10
Suppose -4*q = -26 - 22. Let n = 0 + q. Calculate the greatest common factor of 120 and n.
12
Suppose -62 = 4*y + w - 257, 0 = -4*y + 3*w + 215. Suppose -5*o = 18 - 68. Suppose -5*m - y = -o*m. What is the greatest common divisor of m and 100?
10
Let w be 8/12 + (-148)/(-3). Calculate the highest common divisor of 20 and w.
10
Suppose -5*y + 30 = -60. Suppose i - 22 = -3*i + 2*u, 5*u = 3*i - 13. Let l be (1 + 2)*4/i. Calculate the greatest common divisor of l and y.
2
Let j be -11*(16/(-2) - 2). Calculate the highest common factor of j and 22.
22
Let k be ((-5)/2)/(4/(-8)). Suppose 0 = -h - 0*h + k*l + 16, 3*h - 29 = -4*l. What is the greatest common factor of h and 1?
1
Suppose 2*j - 3*d - 7 = 0, -8 = -3*j + 4*d + 2. Let m(g) = -g - 5. Let s be m(-4). Let t = s - -5. What is the greatest common factor of t and j?
2
Let o(t) = -27*t + 4. Let s be o(-5). Let k = s + -91. Calculate the greatest common divisor of k and 6.
6
Suppose 5*u - 12 = -2. Suppose 46 = u*t + 6. What is the highest common divisor of t and 50?
10
Suppose -73 = -5*x + x - w, -2*w - 70 = -4*x. What is the highest common divisor of 6 and x?
6
Let n(d) be the second derivative of d**4/12 - d**3 + d**2 - d. Let x be n(6). Suppose x*b = 73 + 151. Calculate the highest common divisor of 16 and b.
16
Let x be 578/4 - (-1)/2. Suppose -2*n - n - 5*v + x = 0, 3*n - 4*v = 100. Suppose -n = -7*s + 2*s. Calculate the greatest common factor of s and 32.
8
Let q = 14 + -8. What is the greatest common divisor of q and 54?
6
Suppose 98 = 5*s + 8. Suppose -3*r + r = -5*c - 36, 0 = 4*c - 3*r + 26. Let n = s + c. What is the greatest common factor of 80 and n?
10
Suppose 3*z = -2*f + 879, -2*z = -5*f + 2*z + 2140. Calculate the highest common divisor of f and 54.
54
Let a(h) = h**3 - 4*h**2 + 9*h + 5. Let m be a(5). Calculate the greatest common divisor of m and 30.
15
Let p(a) = 28*a - 3. Let m be p(6). Let s = 37 - 8. Suppose -16 - s = -3*d. Calculate the greatest common factor of m and d.
15
Suppose -4*o - 20 = 0, 15 = s - 3*s - 3*o. Suppose s = -3*t - 15, 4*n = 4*t - 20. Let a be n/35 - (-186)/14. Calculate the greatest common factor of a and 143.
13
Let p = -37 - -63. Calculate the greatest common divisor of 65 and p.
13
Let s = 13 - 9. Let l = s - 2. Suppose -3*w + 0*m = l*m - 428, 0 = -4*w - 3*m + 570. Calculate the greatest common divisor of w and 16.
16
Suppose -5 = -q + 2*d, -2*d - 16 = -5*q - d. Let z = -2 + q. Let o = 2 - z. Calculate the highest common divisor of o and 9.
1
Suppose 4*m = -4*w + 143 - 27, w + 71 = 3*m. Suppose -5*t = 5 - m. Calculate the greatest common divisor of 12 and t.
4
Let f be ((-12)/8)/(2/(-72)). Let y = 8 + -6. Suppose -y*m = 2*m - 24. What is the highest common divisor of m and f?
6
Let b be 90/2*(-6 - -7). What is the highest common divisor of b and 15?
15
Let x(j) = j**2 - 1. Let c be x(2). Let s be 18/4*10/c. What is the greatest common factor of s and 30?
15
Suppose -3*p + 2*d = 7*d + 2, 5*p = -4*d + 1. Let i be 18/(-7)*(-35)/p. Calculate the highest common factor of i and 18.
18
Suppose 0 = 4*k - h - 18, -3*h + h + 14 = 2*k. Calculate the greatest common divisor of 10 and k.
5
Suppose -3*m + 3*a + 42 = 0, 4*a + 1 - 2 = m. Calculate the greatest common factor of m and 57.
19
Suppose -4*q + 36 = -2*v, 4*q - 6*v + 2*v = 32. Calculate the greatest common divisor of q and 2.
2
Suppose -3*n - 81 = -12*n. Calculate the highest common divisor of n and 144.
9
Let l be 77 + (-1 - -2 - 3). Calculate the greatest common factor of l and 15.
15
Suppose j + 10 = -7. Let k = 22 + j. What is the highest common divisor of 5 and k?
5
Suppose 2*o = 7*o - 180. Let w be (-8)/(-4) - -2*1. Suppose -4*q = -2*b - 34, -2 - 2 = -w*b. What is the greatest common divisor of o and q?
9
Suppose v = -3*z - 0*v + 69, 5*v = -z + 9. Let s = 2 + -6. Let n be (3*10)/((-2)/s). Calculate the greatest common divisor of n and z.
12
Let d = -8 - -17. Let g(l) be the third derivative of l**4/12 + l**3/3 + 2*l**2. Let h be g(2). What is the greatest common divisor of d and h?
3
Let j be 5/(15/(-2))*-6. Suppose 63 = j*k - k. Let v = k - 11. Calculate the greatest common factor of v and 30.
10
Let g(s) = 11*s - 4. Let l be g(4). Suppose -16 = 3*d + 2*b - 1, d + 4*b + 15 = 0. Let v = 8 + d. What is the greatest common factor of v and l?
5
Let o = -198 - -288. What is the highest common factor of 9 and o?
9
Suppose -5*i + 2*q + 90 + 332 = 0, 2*q = -3*i + 250. What is the highest common divisor of i and 12?
12
Suppose -139 = -5*q + 236. Let s be q/(-2)*8/(-6). Calculate the highest common factor of 20 and s.
10
Suppose -50 = -0*m - m - 2*y, m - 3*y = 55. What is the greatest common factor of 13 and m?
13
Suppose -4*x + 169 = -